{"id":244221,"date":"2025-01-23T07:56:37","date_gmt":"2025-01-23T12:56:37","guid":{"rendered":"https:\/\/www.fluentu.com\/blog\/?page_id=244221"},"modified":"2025-01-23T07:56:37","modified_gmt":"2025-01-23T12:56:37","slug":"bastille-day-in-french-language","status":"publish","type":"page","link":"https:\/\/www.fluentu.com\/blog\/bastille-day-in-french-language\/","title":{"rendered":"Bastille Day in French: Language, History, Traditions and More | FluentU French Blog"},"content":{"rendered":"<p>\u201cAllons, enfants de la Patrie: le jour de gloire est arriv\u00e9!\u201d \u2014 \u201cLet\u2019s go, children of the fatherland: the day of glory has arrived!\u201d You\u2019ve probably heard these famous lyrics from <em>\u201c<\/em><a href=\"https:\/\/youtube.com\/watch?v=PIQSEq6tEVs\" target=\"_blank\" rel=\"noopener\"><em>La Marseillaise<\/em><\/a><em>,\u201c<\/em> France\u2019s national anthem, which is sung for Bastille Day celebrations.<\/p>\n<p>The revolutionary spirit of the song is perfect for this national holiday, which was born out of <a href=\"https:\/\/fluentu.com\/blog\/french\/advanced-french-lessons\" target=\"_blank\" rel=\"noopener\">one of history\u2019s most turbulent periods<\/a>: the French Revolution.<\/p>\n<p>In France, Bastille Day is officially called la f\u00eate nationale. If you want to join in on the Bastille Day celebrations, I\u2019ve put together a guide to understanding what the holiday is, <a href=\"https:\/\/fluentu.com\/blog\/french\/french-vacation-vocabulary\" target=\"_blank\" rel=\"noopener\">how to celebrate it<\/a> and most importantly, <strong>how to talk about Bastille Day in French<\/strong>!<\/p>\n<h2><strong>Names for Bastille Day in French<\/strong><\/h2>\n<p>You\u2019ll notice that there\u2019s no French translation listed below for \u201cBastille Day.\u201d That\u2019s because <strong>the French don\u2019t call it Bastille Day<\/strong>! English-speaking countries are the ones who adopted the term, so you shouldn\u2019t use it when speaking in French. Bastille Day is the French national day, commemorating the storming of the Bastille and celebrating the unity of the French people.<\/p>\n<p>Instead, you can say:<\/p>\n\n<table id=\"tablepress-1674444\" class=\"tablepress tablepress-id-1674444\">\n<thead>\n<tr class=\"row-1\">\n\t<th class=\"column-1\">Vocabulary<\/th><th class=\"column-2\">Meaning<\/th><th class=\"column-3\">Notes<\/th>\n<\/tr>\n<\/thead>\n<tbody class=\"row-striping row-hover\">\n<tr class=\"row-2\">\n\t<td class=\"column-1\"><i>La f\u00eate nationale fran\u00e7aise<\/i> \u00a0<\/td><td class=\"column-2\">The French national holiday<\/td><td class=\"column-3\">You can also just shorten the phrase and refer to the holiday as <i>la f\u00eate nationale<\/i>  \u00a0(the national holiday) or even abbreviate the latter to <i>f\u00eate nat<\/i> \u00a0if you're speaking informally with friends.<br \/>\n<br \/>\nNote that this holiday isn't usually capitalized in French.<\/td>\n<\/tr>\n<tr class=\"row-3\">\n\t<td class=\"column-1\"><i>Le quatorze juillet<\/i> <\/td><td class=\"column-2\">July 14th<\/td><td class=\"column-3\">This is a great time to remind yourself that unlike in English, French months aren't capitalized.<\/td>\n<\/tr>\n<tr class=\"row-4\">\n\t<td class=\"column-1\"><i>La f\u00eate du quatorze juillet<\/i> <\/td><td class=\"column-2\">The July 14th holiday<\/td><td class=\"column-3\"><\/td>\n<\/tr>\n<\/tbody>\n<\/table>\n<!-- #tablepress-1674444 from cache -->\n<h2>Bastille Day Greetings<\/h2>\n\n<table id=\"tablepress-1684444\" class=\"tablepress tablepress-id-1684444\">\n<thead>\n<tr class=\"row-1\">\n\t<th class=\"column-1\">Vocabulary<\/th><th class=\"column-2\">Meaning<\/th><th class=\"column-3\">Notes<\/th>\n<\/tr>\n<\/thead>\n<tbody class=\"row-striping row-hover\">\n<tr class=\"row-2\">\n\t<td class=\"column-1\"><i>Bonne f\u00eate nationale!<\/i> <\/td><td class=\"column-2\">Happy national holiday!<\/td><td class=\"column-3\"><\/td>\n<\/tr>\n<tr class=\"row-3\">\n\t<td class=\"column-1\"><i>Joyeux quatorze juillet!<\/i> <\/td><td class=\"column-2\">Happy July 14th!<\/td><td class=\"column-3\">Note that when talking about holidays or birthdays such as in these instances,\u00a0<i>bonne<\/i>\u00a0(good) and\u00a0<i>joyeux<\/i>\u00a0(joyous) both roughly translate to \"happy.\"<\/td>\n<\/tr>\n<\/tbody>\n<\/table>\n<!-- #tablepress-1684444 from cache -->\n<h2>Historical Bastille Day Vocabulary<\/h2>\n\n<table id=\"tablepress-1634444\" class=\"tablepress tablepress-id-1634444\">\n<thead>\n<tr class=\"row-1\">\n\t<th class=\"column-1\">Vocabulary <\/th><th class=\"column-2\">Meaning<\/th><th class=\"column-3\">Notes<\/th>\n<\/tr>\n<\/thead>\n<tbody class=\"row-striping row-hover\">\n<tr class=\"row-2\">\n\t<td class=\"column-1\"><i>La r\u00e9volution<\/i> <\/td><td class=\"column-2\">The revolution<\/td><td class=\"column-3\">To refer to the French Revolution, simply say <i>La R\u00e9volution Fran\u00e7aise.<\/i> <\/td>\n<\/tr>\n<tr class=\"row-3\">\n\t<td class=\"column-1\"><i>La guerre<\/i> <\/td><td class=\"column-2\">The war<\/td><td class=\"column-3\"><\/td>\n<\/tr>\n<tr class=\"row-4\">\n\t<td class=\"column-1\"><i>La victoire<\/i> <\/td><td class=\"column-2\">Victory<\/td><td class=\"column-3\"><\/td>\n<\/tr>\n<tr class=\"row-5\">\n\t<td class=\"column-1\"><i>Le gouvernement<\/i> <\/td><td class=\"column-2\">The government<\/td><td class=\"column-3\"><\/td>\n<\/tr>\n<tr class=\"row-6\">\n\t<td class=\"column-1\"><i>La monarchie<\/i> <\/td><td class=\"column-2\">The monarchy<\/td><td class=\"column-3\"><\/td>\n<\/tr>\n<tr class=\"row-7\">\n\t<td class=\"column-1\"><i>Le roi<\/i> <\/td><td class=\"column-2\">The king<\/td><td class=\"column-3\"><\/td>\n<\/tr>\n<tr class=\"row-8\">\n\t<td class=\"column-1\"><i>La reine<\/i> <\/td><td class=\"column-2\">The queen<\/td><td class=\"column-3\"><\/td>\n<\/tr>\n<tr class=\"row-9\">\n\t<td class=\"column-1\"><i>La prison<\/i> <\/td><td class=\"column-2\">The prison<\/td><td class=\"column-3\"><\/td>\n<\/tr>\n<tr class=\"row-10\">\n\t<td class=\"column-1\"><i>Les rebelles<\/i> <\/td><td class=\"column-2\">The rebels<\/td><td class=\"column-3\"><\/td>\n<\/tr>\n<tr class=\"row-11\">\n\t<td class=\"column-1\">L'\u00e9meute <\/td><td class=\"column-2\">A riot<\/td><td class=\"column-3\">To talk about the action of rioting, you can say <i>manifester violemment<\/i>  \u00a0(to protest violently).<\/td>\n<\/tr>\n<tr class=\"row-12\">\n\t<td class=\"column-1\"><i>La r\u00e9bellion<\/i> <\/td><td class=\"column-2\">The rebellion<\/td><td class=\"column-3\">You can also use <i>la s\u00e9dition<\/i>, \u00a0which means the same thing.<\/td>\n<\/tr>\n<tr class=\"row-13\">\n\t<td class=\"column-1\"><i>L'histoire<\/i> <\/td><td class=\"column-2\">History<\/td><td class=\"column-3\"><\/td>\n<\/tr>\n<\/tbody>\n<\/table>\n<!-- #tablepress-1634444 from cache -->\n<h2>Vocabulary for Celebrating Like a Local<\/h2>\n\n<table id=\"tablepress-1644444\" class=\"tablepress tablepress-id-1644444\">\n<thead>\n<tr class=\"row-1\">\n\t<th class=\"column-1\">Vocabulary<\/th><th class=\"column-2\">Meaning<\/th><th class=\"column-3\">Notes<\/th>\n<\/tr>\n<\/thead>\n<tbody class=\"row-striping row-hover\">\n<tr class=\"row-2\">\n\t<td class=\"column-1\"><i>Vive la France!<\/i> <\/td><td class=\"column-2\">Long live France!<\/td><td class=\"column-3\"><\/td>\n<\/tr>\n<tr class=\"row-3\">\n\t<td class=\"column-1\"><i>Qu'est-ce que tu vas faire pour c\u00e9l\u00e9brer le 14 juillet?<\/i> <\/td><td class=\"column-2\">What are you doing to celebrate July 14th?<\/td><td class=\"column-3\"><\/td>\n<\/tr>\n<tr class=\"row-4\">\n\t<td class=\"column-1\"><i>Un drapeau<\/i> <\/td><td class=\"column-2\">Flag<\/td><td class=\"column-3\"><\/td>\n<\/tr>\n<tr class=\"row-5\">\n\t<td class=\"column-1\"><i> feux d'artifice<\/i> <\/td><td class=\"column-2\">Fireworks<\/td><td class=\"column-3\">It's worth noting that this phrase literally means \"artificial fires,\" which is just one of the many examples of why French is so beautiful!<\/td>\n<\/tr>\n<tr class=\"row-6\">\n\t<td class=\"column-1\"><i>Le bouquet final<\/i> <\/td><td class=\"column-2\">The grand finale<\/td><td class=\"column-3\">The phrase literally translates to \"the final bouquet.\"<\/td>\n<\/tr>\n<tr class=\"row-7\">\n\t<td class=\"column-1\"><i>Un concert<\/i> <\/td><td class=\"column-2\">A concert<\/td><td class=\"column-3\"><\/td>\n<\/tr>\n<tr class=\"row-8\">\n\t<td class=\"column-1\"><i>C\u00e9l\u00e9brer<\/i> <\/td><td class=\"column-2\">To celebrate<\/td><td class=\"column-3\">Both\u00a0<i>f\u00eater<\/i>\u00a0and\u00a0<i>faire la f\u00eate<\/i>\u00a0(literally, \"to make a party\") also mean \"to celebrate.\"<\/td>\n<\/tr>\n<tr class=\"row-9\">\n\t<td class=\"column-1\"><i>Une f\u00eate<\/i> <\/td><td class=\"column-2\">A party<\/td><td class=\"column-3\">Depending on the context,\u00a0<i>f\u00eate<\/i>\u00a0can either mean \"a holiday\" or \"a party.<\/td>\n<\/tr>\n<\/tbody>\n<\/table>\n<!-- #tablepress-1644444 from cache -->\n<h2>Vocabulary for the Parade<\/h2>\n\n<table id=\"tablepress-1654444\" class=\"tablepress tablepress-id-1654444\">\n<thead>\n<tr class=\"row-1\">\n\t<th class=\"column-1\">Vocabulary<\/th><th class=\"column-2\">Meaning<\/th><th class=\"column-3\">Notes<\/th>\n<\/tr>\n<\/thead>\n<tbody class=\"row-striping row-hover\">\n<tr class=\"row-2\">\n\t<td class=\"column-1\"><i>La parade<\/i>\u00a0 <\/td><td class=\"column-2\">The parade<\/td><td class=\"column-3\">You can also say <i>le d\u00e9fil\u00e9<\/i>, \u00a0which means the same thing but is used more commonly when talking about a parade with soldiers.<br \/>\n<br \/>\nFor example, you can say  <i>le d\u00e9fil\u00e9 militaire<\/i>  \u00a0(the military parade).<\/td>\n<\/tr>\n<tr class=\"row-3\">\n\t<td class=\"column-1\"><i>Regardons la parade aujourd'hui!<\/i> <\/td><td class=\"column-2\">Let's watch the parade today!<\/td><td class=\"column-3\"><\/td>\n<\/tr>\n<tr class=\"row-4\">\n\t<td class=\"column-1\"><i>D\u00e9filer<\/i> <\/td><td class=\"column-2\">To march<\/td><td class=\"column-3\"><\/td>\n<\/tr>\n<tr class=\"row-5\">\n\t<td class=\"column-1\"><i>Les chars<\/i> <\/td><td class=\"column-2\">Parade floats<\/td><td class=\"column-3\"><\/td>\n<\/tr>\n<tr class=\"row-6\">\n\t<td class=\"column-1\"><i>La musique<\/i> <\/td><td class=\"column-2\">Music<\/td><td class=\"column-3\"><\/td>\n<\/tr>\n<tr class=\"row-7\">\n\t<td class=\"column-1\"><i>La foule<\/i> <\/td><td class=\"column-2\">The crowd<\/td><td class=\"column-3\"><\/td>\n<\/tr>\n<tr class=\"row-8\">\n\t<td class=\"column-1\"><i>Acclamer<\/i> <\/td><td class=\"column-2\">To cheer<\/td><td class=\"column-3\">Both <i>applaudir<\/i>\u00a0  (to applaud) and <i>encourager<\/i> \u00a0(to encourage) can usually be used interchangeably with\u00a0acclamer.<\/td>\n<\/tr>\n<tr class=\"row-9\">\n\t<td class=\"column-1\"><i>L'arm\u00e9e<\/i> <\/td><td class=\"column-2\">The military<\/td><td class=\"column-3\"><\/td>\n<\/tr>\n<tr class=\"row-10\">\n\t<td class=\"column-1\"><i>La police<\/i> <\/td><td class=\"column-2\">The police<\/td><td class=\"column-3\"><\/td>\n<\/tr>\n<tr class=\"row-11\">\n\t<td class=\"column-1\"><i>Les pompiers<\/i> <\/td><td class=\"column-2\">Firemen<\/td><td class=\"column-3\"><\/td>\n<\/tr>\n<tr class=\"row-12\">\n\t<td class=\"column-1\"><i>Le discours<\/i> <\/td><td class=\"column-2\">A speech<\/td><td class=\"column-3\">You can also use <i>l'allocution<\/i>, \u00a0which essentially means the same thing.<\/td>\n<\/tr>\n<tr class=\"row-13\">\n\t<td class=\"column-1\"><i>Le pr\u00e9sident<\/i> <\/td><td class=\"column-2\">The president<\/td><td class=\"column-3\">Usually, the French President gives a speech during the July 14th celebrations.<\/td>\n<\/tr>\n<tr class=\"row-14\">\n\t<td class=\"column-1\"><i>Les ballons<\/i> <\/td><td class=\"column-2\">Balloons<\/td><td class=\"column-3\"><\/td>\n<\/tr>\n<tr class=\"row-15\">\n\t<td class=\"column-1\"><i>Les confettis<\/i> <\/td><td class=\"column-2\">Confetti<\/td><td class=\"column-3\"><\/td>\n<\/tr>\n<\/tbody>\n<\/table>\n<!-- #tablepress-1654444 from cache -->\n<h2>Vocabulary for the Holiday Picnic<\/h2>\n\n<table id=\"tablepress-1664444\" class=\"tablepress tablepress-id-1664444\">\n<thead>\n<tr class=\"row-1\">\n\t<th class=\"column-1\">Vocabulary<\/th><th class=\"column-2\">Meaning<\/th>\n<\/tr>\n<\/thead>\n<tbody class=\"row-striping row-hover\">\n<tr class=\"row-2\">\n\t<td class=\"column-1\"><i>Un pique-nique<\/i> <\/td><td class=\"column-2\">A picnic<\/td>\n<\/tr>\n<tr class=\"row-3\">\n\t<td class=\"column-1\"><i>On va faire un pique-nique pour c\u00e9l\u00e9brer la f\u00eate nationale. Est-ce que tu voudrais nous accompanger?<\/i> \u00a0<\/td><td class=\"column-2\">We're having a picnic to celebrate the national holiday. Do you want to come with us?<\/td>\n<\/tr>\n<tr class=\"row-4\">\n\t<td class=\"column-1\"> <i>Les amis<\/i> <\/td><td class=\"column-2\">Friends<\/td>\n<\/tr>\n<tr class=\"row-5\">\n\t<td class=\"column-1\"><i>La famille<\/i> <\/td><td class=\"column-2\">Family<\/td>\n<\/tr>\n<tr class=\"row-6\">\n\t<td class=\"column-1\"><i>La nourriture<\/i> <\/td><td class=\"column-2\">Food<\/td>\n<\/tr>\n<tr class=\"row-7\">\n\t<td class=\"column-1\"><i>Le repas<\/i> <\/td><td class=\"column-2\">Meal<\/td>\n<\/tr>\n<tr class=\"row-8\">\n\t<td class=\"column-1\"><i>La boisson<\/i> <\/td><td class=\"column-2\">Drink<\/td>\n<\/tr>\n<tr class=\"row-9\">\n\t<td class=\"column-1\"><i>Un panier<\/i> <\/td><td class=\"column-2\">A basket<\/td>\n<\/tr>\n<tr class=\"row-10\">\n\t<td class=\"column-1\"><i>Une couverture<\/i> <\/td><td class=\"column-2\">A blanket<\/td>\n<\/tr>\n<tr class=\"row-11\">\n\t<td class=\"column-1\"><i>Dehors<\/i> <\/td><td class=\"column-2\">Outside<\/td>\n<\/tr>\n<tr class=\"row-12\">\n\t<td class=\"column-1\"><i>Manger<\/i> <\/td><td class=\"column-2\">To eat<\/td>\n<\/tr>\n<tr class=\"row-13\">\n\t<td class=\"column-1\"><i>Boire<\/i> <\/td><td class=\"column-2\">To drink<\/td>\n<\/tr>\n<\/tbody>\n<\/table>\n<!-- #tablepress-1664444 from cache -->\n<h2><strong>Learn French with Bastille Day Activities<\/strong><\/h2>\n<p>Bastille Day is a great way to <a href=\"https:\/\/fluentu.com\/blog\/french\/fun-ways-to-learn-french\" target=\"_blank\" rel=\"noopener\">have some fun while brushing up on your French<\/a><\/p>\n<p>For starters, you can <a href=\"https:\/\/fluentu.com\/blog\/french\/french-reading-practice\" target=\"_blank\" rel=\"noopener\">practice your reading skills<\/a> by checking out some French-language articles about the history of Bastille Day in French,<a href=\"https:\/\/out-the-box.fr\/lorigine-fete-du-14-juillet\" target=\"_blank\" rel=\"noopener\"> like this short article<\/a><\/p>\n<p>If you&#8217;re an upper-level French learner, <a href=\"http:\/\/linternaute.com\/actualite\/politique\/1030307-14-juillet-2017-le-defile-bat-son-plein-sur-les-champs-elysees\" target=\"_blank\" rel=\"noopener\">try this more extensive historical article on <em>L&#8217;Internaute<\/em><\/a><\/p>\n<p>For audio-visual learners, here&#8217;s a <a href=\"https:\/\/youtube.com\/watch?v=A7_ksaHBuPM\" target=\"_blank\" rel=\"noopener\">very informative French video about Bastille Day by Pratiks:<\/a><\/p>\n<p>If you really want to embrace Bastille Day, you could <a href=\"https:\/\/youtube.com\/watch?v=4K1q9Ntcr5g\" target=\"_blank\" rel=\"noopener\">learn the French national anthem by listening to the song<\/a> and memorizing <a href=\"https:\/\/britannica.com\/topic\/La-Marseillaise\" target=\"_blank\" rel=\"noopener nofollow\">the lyrics,\u00a0which might surprise you<\/a>\u2014they&#8217;re quite\u00a0graphic!<\/p>\n<p>You could even\u00a0<strong>go all-out by throwing a Bastille Day party<\/strong> with your friends! You can cook French food, fly the French flag and speak in French during the celebration.<\/p>\n<h2><strong>What Is Bastille Day and Why Is It Important?<\/strong><\/h2>\n<p>Bastille Day honors the <a href=\"https:\/\/elysee.fr\/la-presidence\/la-fete-nationale-du-14-juillet\" target=\"_blank\" rel=\"noopener\"><em>F\u00eate de la Federation<\/em> (Festival of the Federation)<\/a>, which occurred on July 14, 1790, exactly one year after the Bastille prison in Paris was stormed by unhappy citizens.<\/p>\n<p>The storming of the Bastille was one of the major events that began open rebellion in France in the summer of 1789, and it triggered the French Revolution.<\/p>\n<p>Interestingly, the Bastille only held <a href=\"http:\/\/history.com\/this-day-in-history\/french-revolutionaries-storm-bastille\" target=\"_blank\" rel=\"noopener\">seven prisoners<\/a> on the day it was stormed. and the act was a symbol of ending the power of the monarchy\u2014since the prison was often used to hold those who opposed the royals. Perhaps even more importantly, the rebels needed to seize the large amount of gunpowder and cannons housed inside.<\/p>\n<p>In the end, the leaders of the rebellion decided to demolish the prison to show that the monarchy&#8217;s\u00a0hold over France was finished. Pieces of the Bastille were eventually sold as souvenirs,\u00a0and the Marquis de Lafayette actually <a href=\"https:\/\/smithsonianmag.com\/history\/how-key-bastille-ended-george-washingtons-possession-180959811\" target=\"_blank\" rel=\"noopener\">gave the prison&#8217;s key to George Washington as a gift<\/a>. You can even see it on display today at Mount Vernon in New York State.<\/p>\n<p>This important historical day was commemorated a year later with the <em>F\u00eate de la Federation<\/em><a href=\"https:\/\/bbc.com\/news\/world-europe-23280120\" target=\"_blank\" rel=\"noopener\">although with an effort to focus on unity as opposed to the bloodshed of the rebellion<\/a>. A century later, July 14th became the French national holiday that&#8217;s celebrated today as Bastille Day.<\/p>\n<p>If you&#8217;re interested in learning more about the storming of the Bastille and the French Revolution, <a href=\"https:\/\/jacobinmag.com\/2015\/07\/french-revolution-bastille-day-guide-jacobins-terror-bonaparte\" target=\"_blank\" rel=\"noopener\"><em>Jacobin Magazine<\/em><\/a><a href=\"http:\/\/origins.osu.edu\/milestones\/july-2014-storming-bastille\"><em>Origins<\/em><\/a> both have very detailed articles on the subject.<\/p>\n<h3><strong>History of the French Revolution<\/strong><\/h3>\n<p>The French Revolution, also known as the Great French Revolution, was a period of radical social and political upheaval in France that lasted from 1789 to 1799. It all began on July 14, 1789, with the Storming of the Bastille, a fortress-prison in Paris that symbolized the tyranny of the French monarchy. This pivotal event marked the start of the French Revolution, driven by a combination of financial crisis, food shortages, and the influence of Enlightenment ideas advocating liberty, equality, and fraternity.<\/p>\n<p>The revolution unfolded in several phases, each with its own significant developments. The National Assembly, formed by the Third Estate, adopted the Declaration of the Rights of Man and of the Citizen, enshrining the principles of the revolution. However, the period known as the Reign of Terror (1793-1794) saw a wave of violence and repression, with thousands executed for perceived counter-revolutionary activities.<\/p>\n<p>The French Revolution profoundly impacted not only France but also the world, shaping modern politics, society, and culture. It led to the establishment of the First French Republic, the abolition of feudalism, and the rise of modern democracy. The revolution\u2019s legacy endures in the French national motto, \u201cLibert\u00e9, \u00c9galit\u00e9, Fraternit\u00e9,\u201d celebrated every year on Bastille Day.<\/p>\n<h3><strong>Fireworks and Festivities<\/strong><\/h3>\n<p>Bastille Day is celebrated with great fanfare and festivities across France. The day kicks off with the grand Bastille Day Military Parade on the Champs-\u00c9lys\u00e9es in Paris. This spectacular event features troops, military bands, and a dazzling display of aircraft, all presided over by the French President. It\u2019s a sight to behold and a proud moment for the French people.<\/p>\n<p>As evening falls, the sky over Paris and other cities lights up with breathtaking fireworks displays. The most iconic of these is the show at the Eiffel Tower, where fireworks illuminate the night sky, creating a magical atmosphere. Public squares and streets come alive with locals and tourists enjoying concerts, parties, and communal meals. One beloved tradition is the Firemen\u2019s Ball, hosted by fire stations across the city, where people dance the night away.<\/p>\n<p>Bastille Day is also a time for family and friends to come together and celebrate French culture and heritage. Many attend outdoor concerts and festivals, while others savor traditional French food and wine. The day is a celebration of French patriotism and values, making it an integral part of French national identity.<\/p>\n<h3><strong>How French People Celebrate Bastille Day<\/strong><\/h3>\n<p>People in France have found many ways to celebrate this\u00a0commemorative day. For starters, <strong>Bastille Day is a French national holiday<\/strong>, so most people have the day off work, shops and businesses are closed and there&#8217;s generally a relaxed, holiday feel to the day.<\/p>\n<p>Many people attend parades, the biggest being the famous annual <a href=\"https:\/\/en.parisinfo.com\/discovering-paris\/major-events\/bastille-day-in-paris\/military-parade-champs-elysees\/military-parade-on-the-avenue-des-champs-elysees\" target=\"_blank\" rel=\"noopener nofollow\">military parade in Paris<\/a><\/p>\n<p>Others spend the day with family, having picnics, going to restaurants\u00a0and hosting parties.<\/p>\n<p>There are also often special discounts or free access to certain national museums, events and other historical sites on Bastille Day.<\/p>\n<p>Finally, and perhaps most popular of all, is to go out at night, attend concerts and watch fireworks. The <a href=\"https:\/\/en.parisinfo.com\/discovering-paris\/major-events\/bastille-day-in-paris\/july-14th-fireworks\/july-14th-fireworks-display\" target=\"_blank\" rel=\"noopener nofollow\">biggest celebration is a classical concert by the Eiffel Tower<\/a> leading up to fantastic fireworks show above the iconic monument:<\/p>\n<div style=\"float: right;\" id=\"fluen-849221276\"><a data-no-instant=\"1\" href=\"https:\/\/www.fluentu.com\/\" rel=\"noopener\" class=\"a2t-link\" target=\"_blank\" aria-label=\"FluentU New iOS App Icon\"><img decoding=\"async\" src=\"https:\/\/www.fluentu.com\/blog\/wp-content\/uploads\/2021\/12\/iTunesArtwork@1x.png\" alt=\"FluentU New iOS App Icon\"  srcset=\"https:\/\/www.fluentu.com\/blog\/wp-content\/uploads\/2021\/12\/iTunesArtwork@1x.png 512w, https:\/\/www.fluentu.com\/blog\/wp-content\/uploads\/2021\/12\/iTunesArtwork@1x-300x300.png 300w, https:\/\/www.fluentu.com\/blog\/wp-content\/uploads\/2021\/12\/iTunesArtwork@1x-150x150.png 150w, https:\/\/www.fluentu.com\/blog\/wp-content\/uploads\/2021\/12\/iTunesArtwork@1x-65x65.png 65w\" sizes=\"(max-width: 512px) 100vw, 512px\" width=\"150\" height=\"150\"   \/><\/a><\/div>\n<p>With all the excitement from reading about Bastille Day, you may have decided you want to learn the language. If so, consider checking out . This innovative language learning program uses authentic videos with embedded subtitles to help people learn French while watching entertaining videos, such as music videos, movie trailers and news clips\u2014in other words, you learn while watching videos that you&#8217;re probably already watching anyway!<\/p>\n<p>Now that you&#8217;re all set to celebrate one of the biggest French holidays, I wish you a <em>joyeux 14 juillet<\/em>\u00a0(happy July 14th)!<\/p>\n<p><strong><em>Download: <\/em><\/strong><em>This blog post is available as a convenient and portable PDF that you can take anywhere. <\/em><a href=\"https:\/\/fluentu.com\/\" target=\"_blank\" rel=\"noopener\"><em>Click here to get a copy. (Download)<\/em><\/a><\/p>\n<p>Camille is a writer, editor, and English teacher who has lived and worked all over the world in places like Italy, France, and Colombia. She continues to travel while managing a writing company and restaurant and is currently working on learning her fourth language.<\/p>\n<h2><strong>Bastille Day Around the World<\/strong><\/h2>\n<p>Bastille Day isn\u2019t just celebrated in France; it\u2019s a global affair. Many countries with French-speaking populations or historical ties to France join in the festivities with their own unique traditions.<\/p>\n<p>In the United States, cities with French heritage, such as New Orleans and San Francisco, host vibrant Bastille Day celebrations. These events often feature French food, wine, music, and cultural performances, bringing a touch of France to American soil.<\/p>\n<p>In Canada, Quebec City hosts a grand Bastille Day celebration, complete with a military parade, fireworks, and a festival of French music and dance. Other cities like Montreal and Ottawa also join in with smaller but equally spirited celebrations.<\/p>\n<p>Down under in Australia, Sydney\u2019s Bastille Day celebration includes a French market, food and wine stalls, and a concert of French music. Melbourne and Brisbane also host their own festivities, showcasing the global appreciation for French culture.<\/p>\n<p>Bastille Day is a celebration of French culture and heritage that transcends borders. Whether you\u2019re in France or elsewhere, it\u2019s a day to come together and celebrate the values of libert\u00e9, \u00e9galit\u00e9, fraternit\u00e9.<\/p>\n","protected":false},"excerpt":{"rendered":"<p>\u201cAllons, enfants de la Patrie: le jour de gloire est arriv\u00e9!\u201d \u2014 \u201cLet\u2019s go, children of the fatherland: the day of glory has arrived!\u201d You\u2019ve probably heard these famous lyrics&hellip;<\/p>\n","protected":false},"author":760,"featured_media":0,"parent":0,"menu_order":0,"comment_status":"closed","ping_status":"closed","template":"","meta":{"slim_seo":{"title":"Bastille Day in French: Language, History, Traditions and More | FluentU French Blog - FluentU","description":"\u201cAllons, enfants de la Patrie: le jour de gloire est arriv\u00e9!\u201d \u2014 \u201cLet\u2019s go, children of the fatherland: the day of glory has arrived!\u201d You\u2019ve probably heard thes"},"footnotes":""},"coauthors":[207],"class_list":["post-244221","page","type-page","status-publish","hentry"],"_links":{"self":[{"href":"https:\/\/www.fluentu.com\/blog\/wp-json\/wp\/v2\/pages\/244221","targetHints":{"allow":["GET"]}}],"collection":[{"href":"https:\/\/www.fluentu.com\/blog\/wp-json\/wp\/v2\/pages"}],"about":[{"href":"https:\/\/www.fluentu.com\/blog\/wp-json\/wp\/v2\/types\/page"}],"author":[{"embeddable":true,"href":"https:\/\/www.fluentu.com\/blog\/wp-json\/wp\/v2\/users\/760"}],"replies":[{"embeddable":true,"href":"https:\/\/www.fluentu.com\/blog\/wp-json\/wp\/v2\/comments?post=244221"}],"version-history":[{"count":3,"href":"https:\/\/www.fluentu.com\/blog\/wp-json\/wp\/v2\/pages\/244221\/revisions"}],"predecessor-version":[{"id":248073,"href":"https:\/\/www.fluentu.com\/blog\/wp-json\/wp\/v2\/pages\/244221\/revisions\/248073"}],"wp:attachment":[{"href":"https:\/\/www.fluentu.com\/blog\/wp-json\/wp\/v2\/media?parent=244221"}],"wp:term":[{"taxonomy":"author","embeddable":true,"href":"https:\/\/www.fluentu.com\/blog\/wp-json\/wp\/v2\/coauthors?post=244221"}],"curies":[{"name":"wp","href":"https:\/\/api.w.org\/{rel}","templated":true}]}}